{"id":1074,"date":"2026-01-18T16:14:51","date_gmt":"2026-01-18T15:14:51","guid":{"rendered":"https:\/\/geuder.dikonzept.cloud\/?page_id=1074"},"modified":"2026-03-20T12:05:29","modified_gmt":"2026-03-20T11:05:29","slug":"home","status":"publish","type":"page","link":"https:\/\/geuder.dikonzept.cloud\/","title":{"rendered":"Home"},"content":{"rendered":"<p>[et_pb_section fb_built=&#8221;1&#8243; admin_label=&#8221;section&#8221; _builder_version=&#8221;4.16&#8243; global_colors_info=&#8221;{}&#8221;][et_pb_row admin_label=&#8221;row&#8221; _builder_version=&#8221;4.27.5&#8243; background_size=&#8221;initial&#8221; background_position=&#8221;top_left&#8221; background_repeat=&#8221;repeat&#8221; width=&#8221;90%&#8221; max_width=&#8221;2560px&#8221; global_colors_info=&#8221;{}&#8221;][et_pb_column type=&#8221;4_4&#8243; _builder_version=&#8221;4.16&#8243; custom_padding=&#8221;|||&#8221; global_colors_info=&#8221;{}&#8221; custom_padding__hover=&#8221;|||&#8221;][ba_animated_text prefix=&#8221;Innovation im Klima-Engineering: &#8221; animated_text=&#8221;%91{%22value%22:%22Intelligent. Effizient. Ma\u00dfgeschneidert.%22,%22checked%22:0,%22dragID%22:-1}%93&#8243; suffix=&#8221;Geuder K\u00e4lte Klima GmbH&#8221; layout=&#8221;block&#8221; prefix_stroke=&#8221;0.2px&#8221; animated_bg=&#8221;#009b61&#8243; animated_radius=&#8221;off|0px||0px|0px&#8221; animated_stroke_color=&#8221;#FFFFFF&#8221; suffix_stroke=&#8221;0.2px&#8221; suffix_stroke_color=&#8221;#193f82&#8243; _builder_version=&#8221;4.27.5&#8243; _module_preset=&#8221;default&#8221; animated_level=&#8221;h1&#8243; prefix_text_color=&#8221;#193f82&#8243; prefix_font_size=&#8221;48px&#8221; prefix_line_height=&#8221;2.3em&#8221; suffix_font=&#8221;|600||on|||||&#8221; suffix_text_color=&#8221;#193f82&#8243; suffix_font_size=&#8221;24px&#8221; main_font=&#8221;|700|||||||&#8221; main_text_color=&#8221;#FFFFFF&#8221; main_font_size=&#8221;39px&#8221; main_line_height=&#8221;1.6em&#8221; hover_enabled=&#8221;0&#8243; global_colors_info=&#8221;{}&#8221; animation_speed=&#8221;125ms&#8221; sticky_enabled=&#8221;0&#8243;][\/ba_animated_text][\/et_pb_column][\/et_pb_row][\/et_pb_section][et_pb_section fb_built=&#8221;1&#8243; fullwidth=&#8221;on&#8221; _builder_version=&#8221;4.27.5&#8243; _module_preset=&#8221;default&#8221; background_image=&#8221;http:\/\/geuder.dikonzept.cloud\/wp-content\/uploads\/2026\/01\/Teaserbild-home-1.jpg&#8221; global_colors_info=&#8221;{}&#8221;][et_pb_fullwidth_header title=&#8221;Klimatechnik f\u00fcr Industrie &#038; Gewerbe&#8221; subhead=&#8221;Hightech-L\u00f6sungen f\u00fcr Klima- und K\u00e4ltetechnik \u2013 energieeffizient, umweltvertr\u00e4glich und pr\u00e4zise auf industrielle Prozesse abgestimmt.&#8221; header_fullscreen=&#8221;on&#8221; button_one_text=&#8221;Jetzt Technikgespr\u00e4ch vereinbaren&#8221; button_two_text=&#8221;Auslegung anfragen&#8221; _builder_version=&#8221;4.27.5&#8243; _module_preset=&#8221;default&#8221; title_level=&#8221;h2&#8243; title_font_size=&#8221;36px&#8221; content_font_size=&#8221;16px&#8221; content_line_height=&#8221;2.6em&#8221; subhead_font_size=&#8221;24px&#8221; subhead_line_height=&#8221;1.8em&#8221; background_enable_color=&#8221;off&#8221; global_colors_info=&#8221;{}&#8221;]<\/p>\n<p>Geuder Klimatechnik entwickelt und realisiert leistungsstarke Klima- und K\u00e4ltel\u00f6sungen f\u00fcr Industrie, Gewerbe und anspruchsvolle Anwendungen. Von der pr\u00e4zisen Planung \u00fcber die Umsetzung bis zum zuverl\u00e4ssigen Betrieb entstehen Systeme, die Prozesse absichern, Energie effizient nutzen und dauerhaft stabil laufen.<\/p>\n<p>[\/et_pb_fullwidth_header][\/et_pb_section][et_pb_section fb_built=&#8221;1&#8243; _builder_version=&#8221;4.27.5&#8243; _module_preset=&#8221;default&#8221; global_colors_info=&#8221;{}&#8221;][et_pb_row column_structure=&#8221;1_2,1_2&#8243; _builder_version=&#8221;4.27.5&#8243; _module_preset=&#8221;default&#8221; max_width=&#8221;1920px&#8221; global_colors_info=&#8221;{}&#8221;][et_pb_column type=&#8221;1_2&#8243; _builder_version=&#8221;4.27.5&#8243; _module_preset=&#8221;default&#8221; global_colors_info=&#8221;{}&#8221;][et_pb_text _builder_version=&#8221;4.27.5&#8243; _module_preset=&#8221;default&#8221; header_2_font_size=&#8221;18px&#8221; header_3_font=&#8221;|600|||||||&#8221; header_3_text_color=&#8221;#193f82&#8243; header_3_font_size=&#8221;36px&#8221; header_4_line_height=&#8221;1.5em&#8221; global_colors_info=&#8221;{}&#8221;]<\/p>\n<h2>Geuder K\u00e4lte Klima GmbH<\/h2>\n<h3>Effizient, umweltbewusst, prozesssicher<\/h3>\n<h4><span>Umweltschonende, nachhaltige und energieeffiziente K\u00e4ltetechnik mit nat\u00fcrlichen K\u00e4ltemitteln f\u00fcr Industrie, Gastronomie, Gewerbe, die sich an Ihren Anforderungen orientiert.\u00a0<\/span><\/h4>\n<p><span>Alle unsere Anlagen werden pr\u00e4zise auf Nutzung, Lastprofile und technische Vorgaben ausgelegt \u2013 mit Fokus auf Effizienz, Umweltvertr\u00e4glichkeit und langfristige Betriebssicherheit.<\/span><\/p>\n<p>[\/et_pb_text][et_pb_image src=&#8221;http:\/\/geuder.dikonzept.cloud\/wp-content\/uploads\/2026\/01\/ewat-b-header.jpeg&#8221; title_text=&#8221;ewat-b-header&#8221; _builder_version=&#8221;4.27.5&#8243; _module_preset=&#8221;default&#8221; global_colors_info=&#8221;{}&#8221;][\/et_pb_image][ba_image_carousel content_alignment=&#8221;center&#8221; nav_height=&#8221;48px&#8221; nav_width=&#8221;48px&#8221; nav_color=&#8221;#ffffff&#8221; nav_bg=&#8221;#193f82&#8243; icon_left=&#8221;&#xf104;||fa||900&#8243; icon_right=&#8221;&#xf105;||fa||900&#8243; _builder_version=&#8221;4.27.5&#8243; _module_preset=&#8221;default&#8221; global_colors_info=&#8221;{}&#8221;][ba_image_carousel_child photo=&#8221;http:\/\/geuder.dikonzept.cloud\/wp-content\/uploads\/2026\/01\/Industriellet-Kaltwassersatz.jpg&#8221; _builder_version=&#8221;4.27.5&#8243; global_colors_info=&#8221;{}&#8221;][\/ba_image_carousel_child][ba_image_carousel_child photo=&#8221;http:\/\/geuder.dikonzept.cloud\/wp-content\/uploads\/2026\/01\/Klimaaanlage-aussen.jpg&#8221; _builder_version=&#8221;4.27.5&#8243; global_colors_info=&#8221;{}&#8221;][\/ba_image_carousel_child][ba_image_carousel_child photo=&#8221;http:\/\/geuder.dikonzept.cloud\/wp-content\/uploads\/2026\/01\/Klimaanlage-Gewerbe.jpg&#8221; _builder_version=&#8221;4.27.5&#8243; global_colors_info=&#8221;{}&#8221;][\/ba_image_carousel_child][ba_image_carousel_child photo=&#8221;http:\/\/geuder.dikonzept.cloud\/wp-content\/uploads\/2026\/01\/IMG_0009.JPG1_.jpg&#8221; _builder_version=&#8221;4.27.5&#8243; global_colors_info=&#8221;{}&#8221;][\/ba_image_carousel_child][ba_image_carousel_child photo=&#8221;http:\/\/geuder.dikonzept.cloud\/wp-content\/uploads\/2026\/01\/20170706_103314.jpg&#8221; _builder_version=&#8221;4.27.5&#8243; global_colors_info=&#8221;{}&#8221;][\/ba_image_carousel_child][\/ba_image_carousel][\/et_pb_column][et_pb_column type=&#8221;1_2&#8243; _builder_version=&#8221;4.27.5&#8243; _module_preset=&#8221;default&#8221; global_colors_info=&#8221;{}&#8221;][ba_card use_icon=&#8221;on&#8221; icon=&#8221;&#xf085;||fa||900&#8243; title=&#8221;Prozessk\u00e4lte&#8221; description=&#8221;<\/p>\n<p>F\u00fcr industrielle Prozesse ist eine konstante und exakt geregelte Temperatur entscheidend. Geuder plant und realisiert Prozessk\u00e4lteanlagen, die sich pr\u00e4zise in bestehende Abl\u00e4ufe integrieren lassen und zuverl\u00e4ssig die geforderten Temperaturbereiche abdecken \u2013 auch bei wechselnden Lasten oder hohen Anforderungen.<\/p>\n<p>&#8221; use_button=&#8221;on&#8221; button_text=&#8221;mehr dazu&#8221; button_link=&#8221;#&#8221; icon_color=&#8221;#193f82&#8243; icon_size=&#8221;60px&#8221; icon_padding=&#8221;0px|0px|10px|0px&#8221; btn_spacing_top=&#8221;20px&#8221; content_alignment=&#8221;center&#8221; content_padding=&#8221;0px|0px|0px|0px|false|false&#8221; _builder_version=&#8221;4.27.5&#8243; _module_preset=&#8221;default&#8221; title_font=&#8221;|700|||||||&#8221; title_text_color=&#8221;#193f82&#8243; title_font_size=&#8221;1.5rem&#8221; custom_padding=&#8221;30px|30px|30px|30px|false|false&#8221; animation_style=&#8221;flip&#8221; border_radii_card=&#8221;on|9px|9px|9px|9px&#8221; border_color_all_card=&#8221;#009b61&#8243; border_style_all_card=&#8221;solid&#8221; border_width_right_card=&#8221;1px&#8221; global_colors_info=&#8221;{}&#8221;][\/ba_card][ba_card use_icon=&#8221;on&#8221; icon=&#8221;&#xf043;||fa||900&#8243; title=&#8221;Kaltwassers\u00e4tze&#8221; description=&#8221;<\/p>\n<p>Kaltwassers\u00e4tze bilden das R\u00fcckgrat vieler Klima- und K\u00fchlkonzepte. Geuder entwickelt individuell ausgelegte Systeme f\u00fcr Industrie und Gewerbe \u2013 energieeffizient, flexibel erweiterbar und optimal abgestimmt auf Geb\u00e4ude, Prozesse und Regeltechnik.<\/p>\n<p>&#8221; use_button=&#8221;on&#8221; button_text=&#8221;mehr dazu&#8221; button_link=&#8221;#&#8221; icon_color=&#8221;#193f82&#8243; icon_size=&#8221;60px&#8221; icon_padding=&#8221;0px|0px|10px|0px&#8221; btn_spacing_top=&#8221;20px&#8221; content_alignment=&#8221;center&#8221; content_padding=&#8221;0px|0px|0px|0px|false|false&#8221; _builder_version=&#8221;4.27.5&#8243; _module_preset=&#8221;default&#8221; title_font=&#8221;|700|||||||&#8221; title_text_color=&#8221;#193f82&#8243; title_font_size=&#8221;1.5rem&#8221; custom_padding=&#8221;30px|30px|30px|30px|false|false&#8221; animation_style=&#8221;flip&#8221; border_radii_card=&#8221;on|9px|9px|9px|9px&#8221; border_color_all_card=&#8221;#009b61&#8243; border_style_all_card=&#8221;solid&#8221; border_width_right_card=&#8221;1px&#8221; global_colors_info=&#8221;{}&#8221;][\/ba_card][ba_card use_icon=&#8221;on&#8221; icon=&#8221;&#xf7ae;||fa||900&#8243; title=&#8221;K\u00fchlr\u00e4ume&#8221; description=&#8221;<\/p>\n<p>Ob Lagerung, Produktion oder Lebensmittelverarbeitung: K\u00fchlr\u00e4ume m\u00fcssen exakt funktionieren und gesetzlichen Vorgaben entsprechen. Geuder realisiert K\u00fchlrauml\u00f6sungen, die zuverl\u00e4ssig Temperaturen halten, energieeffizient arbeiten und auf die jeweilige Nutzung zugeschnitten sind.<\/p>\n<p>&#8221; use_button=&#8221;on&#8221; button_text=&#8221;mehr dazu&#8221; button_link=&#8221;#&#8221; icon_color=&#8221;#193f82&#8243; icon_size=&#8221;60px&#8221; icon_padding=&#8221;0px|0px|10px|0px&#8221; btn_spacing_top=&#8221;20px&#8221; content_alignment=&#8221;center&#8221; content_padding=&#8221;0px|0px|0px|0px|false|false&#8221; _builder_version=&#8221;4.27.5&#8243; _module_preset=&#8221;default&#8221; title_font=&#8221;|700|||||||&#8221; title_text_color=&#8221;#193f82&#8243; title_font_size=&#8221;1.5rem&#8221; custom_padding=&#8221;30px|30px|30px|30px|false|false&#8221; animation_style=&#8221;flip&#8221; border_radii_card=&#8221;on|9px|9px|9px|9px&#8221; border_color_all_card=&#8221;#009b61&#8243; border_style_all_card=&#8221;solid&#8221; border_width_right_card=&#8221;1px&#8221; global_colors_info=&#8221;{}&#8221;][\/ba_card][ba_card use_icon=&#8221;on&#8221; icon=&#8221;&#xf72e;||fa||900&#8243; title=&#8221;L\u00fcftung &#038; RLT-Anlagen&#8221; description=&#8221;<\/p>\n<p>Moderne L\u00fcftungs- und RLT-Anlagen sorgen f\u00fcr kontrollierte Luftqualit\u00e4t, Temperaturf\u00fchrung und Energieeffizienz. Geuder plant Systeme f\u00fcr Industrie- und Gewerbebauten, die Luftstr\u00f6me intelligent regeln, W\u00e4rme r\u00fcckgewinnen und sich nahtlos in bestehende Geb\u00e4udetechnik integrieren lassen.<\/p>\n<p>&#8221; use_button=&#8221;on&#8221; button_text=&#8221;mehr dazu&#8221; button_link=&#8221;#&#8221; icon_color=&#8221;#193f82&#8243; icon_size=&#8221;60px&#8221; icon_padding=&#8221;0px|0px|10px|0px&#8221; btn_spacing_top=&#8221;20px&#8221; content_alignment=&#8221;center&#8221; content_padding=&#8221;0px|0px|0px|0px|false|false&#8221; _builder_version=&#8221;4.27.5&#8243; _module_preset=&#8221;default&#8221; title_font=&#8221;|700|||||||&#8221; title_text_color=&#8221;#193f82&#8243; title_font_size=&#8221;1.5rem&#8221; custom_padding=&#8221;30px|30px|30px|30px|false|false&#8221; animation_style=&#8221;flip&#8221; border_radii_card=&#8221;on|9px|9px|9px|9px&#8221; border_color_all_card=&#8221;#009b61&#8243; border_style_all_card=&#8221;solid&#8221; border_width_right_card=&#8221;1px&#8221; global_colors_info=&#8221;{}&#8221;][\/ba_card][ba_card use_icon=&#8221;on&#8221; icon=&#8221;&#xf769;||fa||900&#8243; title=&#8221;B\u00fcro und Raumklima&#8221; description=&#8221;<\/p>\n<p data-start=%222078%22 data-end=%222359%22>Ein angenehmes Raumklima steigert Leistungsf\u00e4higkeit und Wohlbefinden in Arbeitsumgebungen. Geuder entwickelt Klimakonzepte f\u00fcr B\u00fcro- und Gewerbefl\u00e4chen, die Komfort, Energieeffizienz und Umweltvertr\u00e4glichkeit miteinander verbinden \u2013 pr\u00e4zise geplant und technisch sauber umgesetzt.<\/p>\n<p>&#8221; use_button=&#8221;on&#8221; button_text=&#8221;mehr dazu&#8221; button_link=&#8221;#&#8221; icon_color=&#8221;#193f82&#8243; icon_size=&#8221;60px&#8221; icon_padding=&#8221;0px|0px|10px|0px&#8221; btn_spacing_top=&#8221;20px&#8221; content_alignment=&#8221;center&#8221; content_padding=&#8221;0px|0px|0px|0px|false|false&#8221; _builder_version=&#8221;4.27.5&#8243; _module_preset=&#8221;default&#8221; title_font=&#8221;|700|||||||&#8221; title_text_color=&#8221;#193f82&#8243; title_font_size=&#8221;1.5rem&#8221; custom_padding=&#8221;30px|30px|30px|30px|false|false&#8221; animation_style=&#8221;flip&#8221; border_radii_card=&#8221;on|9px|9px|9px|9px&#8221; border_color_all_card=&#8221;#009b61&#8243; border_style_all_card=&#8221;solid&#8221; border_width_right_card=&#8221;1px&#8221; global_colors_info=&#8221;{}&#8221;][\/ba_card][\/et_pb_column][\/et_pb_row][et_pb_row _builder_version=&#8221;4.27.5&#8243; _module_preset=&#8221;default&#8221; global_colors_info=&#8221;{}&#8221;][et_pb_column type=&#8221;4_4&#8243; _builder_version=&#8221;4.27.5&#8243; _module_preset=&#8221;default&#8221; global_colors_info=&#8221;{}&#8221;][ba_animated_text prefix=&#8221;Geuder K\u00e4lte- und Klimatechnik&#8221; animated_text=&#8221;%91{%22value%22:%22K\u00fchlbereich 0 &#8211; 10\u00b0C%22,%22checked%22:0,%22dragID%22:-1},{%22value%22:%22Gefrierbereich &#8211; 20\u00b0C%22,%22checked%22:0,%22dragID%22:0}%93&#8243; suffix=&#8221;mit umweltschonenden K\u00e4ltemittel&#8221; text_alignment=&#8221;center&#8221; _builder_version=&#8221;4.27.5&#8243; _module_preset=&#8221;default&#8221; animated_text_color=&#8221;#354559&#8243; main_text_color=&#8221;#193f82&#8243; global_colors_info=&#8221;{}&#8221;][\/ba_animated_text][et_pb_text _builder_version=&#8221;4.27.5&#8243; _module_preset=&#8221;default&#8221; global_colors_info=&#8221;{}&#8221;]<\/p>\n<p style=\"text-align: center;\">Zertifiziert nach ChemKlimaschutzV | Sachkundebescheinigung nach \u00a7 5 ChemKlimaschutzV<\/p>\n<p>[\/et_pb_text][\/et_pb_column][\/et_pb_row][\/et_pb_section][et_pb_section fb_built=&#8221;1&#8243; _builder_version=&#8221;4.27.5&#8243; _module_preset=&#8221;default&#8221; background_color=&#8221;#009b61&#8243; background_enable_pattern_style=&#8221;on&#8221; background_pattern_style=&#8221;tufted&#8221; background_pattern_color=&#8221;rgba(183,183,183,0.2)&#8221; global_colors_info=&#8221;{}&#8221;][et_pb_row column_structure=&#8221;1_3,1_3,1_3&#8243; _builder_version=&#8221;4.27.5&#8243; _module_preset=&#8221;default&#8221; max_width=&#8221;2560px&#8221; global_colors_info=&#8221;{}&#8221;][et_pb_column type=&#8221;1_3&#8243; _builder_version=&#8221;4.27.5&#8243; _module_preset=&#8221;default&#8221; global_colors_info=&#8221;{}&#8221;][et_pb_video src=&#8221;https:\/\/www.youtube.com\/watch?v=ysQR2Rf_Zdw&#038;t=86s&#8221; _builder_version=&#8221;4.27.5&#8243; _module_preset=&#8221;default&#8221; global_colors_info=&#8221;{}&#8221;][\/et_pb_video][\/et_pb_column][et_pb_column type=&#8221;1_3&#8243; _builder_version=&#8221;4.27.5&#8243; _module_preset=&#8221;default&#8221; global_colors_info=&#8221;{}&#8221;][et_pb_video src=&#8221;https:\/\/www.youtube.com\/watch?v=7z_ZzjcqOJQ&#8221; _builder_version=&#8221;4.27.5&#8243; _module_preset=&#8221;default&#8221; global_colors_info=&#8221;{}&#8221;][\/et_pb_video][\/et_pb_column][et_pb_column type=&#8221;1_3&#8243; _builder_version=&#8221;4.27.5&#8243; _module_preset=&#8221;default&#8221; global_colors_info=&#8221;{}&#8221;][et_pb_video src=&#8221;https:\/\/www.youtube.com\/watch?v=7JXW3YGEaHA&#8221; _builder_version=&#8221;4.27.5&#8243; _module_preset=&#8221;default&#8221; global_colors_info=&#8221;{}&#8221;][\/et_pb_video][\/et_pb_column][\/et_pb_row][\/et_pb_section]<\/p>\n","protected":false},"excerpt":{"rendered":"<p><div class=\"et_pb_module ba_animated_text ba_animated_text_0\">\n\t\t\t\t\n\t\t\t\t\n\t\t\t\t\n\t\t\t\t\n\t\t\t\t\n\t\t\t\t\n\t\t\t\t<div class=\"et_pb_module_inner\">\n\t\t\t\t\t<div id=\"dtq-animated-text-0\" class=\"dtq-module dtq-animated-text dtq-front\" data-settings=\"{&quot;strings&quot;:[&quot;Intelligent. Effizient. Ma\\u00dfgeschneidert.&quot;],&quot;showCursor&quot;:true,&quot;loop&quot;:true,&quot;typeSpeed&quot;:125,&quot;startDelay&quot;:300,&quot;backSpeed&quot;:50,&quot;backDelay&quot;:500}\" data-type=\"typed\">\n\t\t\t\t<h1 class=\"dtq-animated-text-head\">\n\t\t\t\t\t<div class=\"dtq-animated-text-prefix\"><span>Innovation im Klima-Engineering: <\/span><\/div> <div class=\"dtq-text-animation dtq-animated-text-main dtq-typed-text\"><\/div> <div class=\"dtq-animated-text-suffix\"><span>Geuder K\u00e4lte Klima GmbH<\/span><\/div>\n\t\t\t\t<\/h1>\n\t\t\t<\/div>\n\t\t\t\t<\/div>\n\t\t\t<\/div>Geuder Klimatechnik entwickelt und realisiert leistungsstarke Klima- und K\u00e4ltel\u00f6sungen f\u00fcr Industrie, Gewerbe und anspruchsvolle Anwendungen. Von der pr\u00e4zisen Planung \u00fcber [&hellip;]<\/p>\n","protected":false},"author":1,"featured_media":0,"parent":0,"menu_order":0,"comment_status":"closed","ping_status":"closed","template":"","meta":{"_et_pb_use_builder":"on","_et_pb_old_content":"","_et_gb_content_width":"","footnotes":""},"class_list":["post-1074","page","type-page","status-publish","hentry"],"_links":{"self":[{"href":"https:\/\/geuder.dikonzept.cloud\/index.php?rest_route=\/wp\/v2\/pages\/1074","targetHints":{"allow":["GET"]}}],"collection":[{"href":"https:\/\/geuder.dikonzept.cloud\/index.php?rest_route=\/wp\/v2\/pages"}],"about":[{"href":"https:\/\/geuder.dikonzept.cloud\/index.php?rest_route=\/wp\/v2\/types\/page"}],"author":[{"embeddable":true,"href":"https:\/\/geuder.dikonzept.cloud\/index.php?rest_route=\/wp\/v2\/users\/1"}],"replies":[{"embeddable":true,"href":"https:\/\/geuder.dikonzept.cloud\/index.php?rest_route=%2Fwp%2Fv2%2Fcomments&post=1074"}],"version-history":[{"count":16,"href":"https:\/\/geuder.dikonzept.cloud\/index.php?rest_route=\/wp\/v2\/pages\/1074\/revisions"}],"predecessor-version":[{"id":1112,"href":"https:\/\/geuder.dikonzept.cloud\/index.php?rest_route=\/wp\/v2\/pages\/1074\/revisions\/1112"}],"wp:attachment":[{"href":"https:\/\/geuder.dikonzept.cloud\/index.php?rest_route=%2Fwp%2Fv2%2Fmedia&parent=1074"}],"curies":[{"name":"wp","href":"https:\/\/api.w.org\/{rel}","templated":true}]}}